{"id":460,"date":"2023-11-28T15:12:24","date_gmt":"2023-11-28T15:12:24","guid":{"rendered":"https:\/\/bncuba.org\/?post_type=event_listing&#038;p=460"},"modified":"2023-11-29T23:18:52","modified_gmt":"2023-11-29T23:18:52","slug":"campamento-salvados-para-servir-2023","status":"publish","type":"event_listing","link":"https:\/\/bncuba.org\/index.php\/event\/campamento-salvados-para-servir-2023\/","title":{"rendered":"Campamento Salvados para Servir 2023"},"content":{"rendered":"\n<p>Lema: \u2018Llamados a Servir\u2019<\/p>\n\n\n\n<p>Precioso tiempo de intercambio y ministraci\u00f3n entre hermanos profesionales del sector de la salud. Tiempos de exposici\u00f3n de la Palabra, tiempos de interesantes  talleres sobre temas pol\u00e9micos de \u00e9tica y cosmovisi\u00f3n cristiana as\u00ed como espec\u00edficos de materias propias de este sector.<\/p>\n\n\n\n<p>Compartieron la Palabra los hermanos:<\/p>\n\n\n\n<ul class=\"wp-block-list\">\n<li>Pastor Drew Macyntire<\/li>\n<\/ul>\n\n\n\n<ul class=\"wp-block-list\">\n<li>Fernando Javier Rodr\u00edguez<\/li>\n<\/ul>\n\n\n\n<ul class=\"wp-block-list\">\n<li>Pastor Fernando Rodr\u00edguez<\/li>\n<\/ul>\n\n\n\n<p>Se impartieron los talleres:<\/p>\n\n\n\n<ul class=\"wp-block-list\">\n<li>Taller Eutanasia \u201cMuerte Digna\u201d(Dr Jorge Luis Dom\u00ednguez)<\/li>\n<\/ul>\n\n\n\n<ul class=\"wp-block-list\">\n<li>\u201cSolo Caries\u201d ( Dra. Yudeisi Suarez Columbie)<\/li>\n<\/ul>\n\n\n\n<ul class=\"wp-block-list\">\n<li>Adicciones Modernas&amp;Aborto ( Dra Anayra S\u00e1nchez Recio)<\/li>\n<\/ul>\n\n\n\n<ul class=\"wp-block-list\">\n<li>Cuidado al Paciente Geri\u00e1trico&amp;Estad\u00edo Terminal (Dr Islay Cabrera)<\/li>\n<\/ul>\n\n\n\n<p>Un tiempo maravilloso de confraternidad entre estos \u00abMisioneros de la Salud\u00bb quienes no solo tratan el cuerpo de sus pacientes sino que ministran a Cristo, quien es la \u00fanica cura para la enfermedad del alma.<\/p>\n\n\n\n<p><a href=\"https:\/\/www.flickr.com\/photos\/198657192@N02\/albums\/72177720312988407\" target=\"_blank\" rel=\"noreferrer noopener\">Ver todas las fotos<\/a><\/p>\n\n\n\n<p><a href=\"https:\/\/drive.google.com\/drive\/folders\/150Rk5oPfeTAfSPV5G54k6BQNRWCukeLX?usp=sharing\" target=\"_blank\" rel=\"noreferrer noopener\"><strong><em>Descargar Presentaciones de talleres y documentos.<\/em><\/strong><\/a><\/p>\n\n\n<input type='button' value='js' class='photonic-js-load-button' data-photonic-shortcode='type=flickr&amp;style=default&amp;display=local&amp;view=photosets&amp;photoset_id=72177720312988407&amp;headers=&amp;user_id=198657192%40N02&amp;columns=auto&amp;count=12&amp;more=Ver+m%C3%A1s&amp;title_position=none&amp;layout=square&amp;load_mode=php' \/>\n\n\n\n<p><\/p>\n\n\n\n<p>Programa<\/p>\n\n\n\n<details class=\"wp-block-details is-layout-flow wp-block-details-is-layout-flow\"><summary><br><\/summary>\n<p>Campamento Salvados para Servir 2023<br>Lema: \u2018Llamados a Servir\u2019<br>Viernes 24<br>3:00pm Inscripci\u00f3n.<br>6:00pm Cena<br>8:30pm Direcci\u00f3n Fernando Javier<br>Conferencia #1 Pastor Drew Macyntire<br>10:30pm Merienda<br>11:00 pm \ud83d\udecc<br>S\u00e1bado 25<br>8:00am Desayuno.<br>9am Direcci\u00f3n (Katherine Gomez &amp;Yuderkis Perez)<br>Conferencia #2 Fernando Javier<br>10:00am Alabanza<br>Tiempo Especial por Lideres<br>12:00 pm Almuerzo<br>2:00 pm<br>Taller Eutanasia \u201cMuerte Digna\u201d(Dr Jorge Luis Dom\u00ednguez)<br>Talleres<br>\u201cSolo Caries\u201d ( Dra. Yudeisi Suarez Columbie)<br>Adicciones Modernas&amp;Aborto ( Dra Anayra S\u00e1nchez Recio)<br>Cuidado al Paciente Geri\u00e1trico&amp;Estad\u00edo Terminal (Dr Islay Cabrera)<br>5:00pm Ba\u00f1o \ud83d\udec1<br>6:00pm Cena \ud83e\udd58<br>8:30pm Direcci\u00f3n (Islay Cabrera&amp;Glianet del Toro)<br>Conferencia #4 por Pastor Drew Macyntire.<br>10:30pm Merienda<br>11:00 pm \ud83d\udecc<br>Domingo 26<br>8:00am Desayuno.<br>9 am Direcci\u00f3n Jorge Dom\u00ednguez<br>Conferencia # 5 Pastor Drew Macyntire<br>Tiempo Especial<br>Cierre del Evento.<br>1:00 pm Almuerzo<\/p>\n<\/details>\n\n\n\n<div class=\"wp-block-group\"><div class=\"wp-block-group__inner-container is-layout-constrained wp-block-group-is-layout-constrained\"><\/div><\/div>\n","protected":false},"featured_media":466,"template":"","meta":{"neve_meta_sidebar":"","neve_meta_container":"","neve_meta_enable_content_width":"","neve_meta_content_width":0,"neve_meta_title_alignment":"","neve_meta_author_avatar":"","neve_post_elements_order":"","neve_meta_disable_header":"","neve_meta_disable_footer":"","neve_meta_disable_title":""},"event_listing_category":[43],"event_listing_type":[45],"class_list":["post-460","event_listing","type-event_listing","status-publish","has-post-thumbnail","hentry","event_listing_category-s2s","event_listing_type-s2s"],"_links":{"self":[{"href":"https:\/\/bncuba.org\/index.php\/wp-json\/wp\/v2\/event_listing\/460","targetHints":{"allow":["GET"]}}],"collection":[{"href":"https:\/\/bncuba.org\/index.php\/wp-json\/wp\/v2\/event_listing"}],"about":[{"href":"https:\/\/bncuba.org\/index.php\/wp-json\/wp\/v2\/types\/event_listing"}],"wp:featuredmedia":[{"embeddable":true,"href":"https:\/\/bncuba.org\/index.php\/wp-json\/wp\/v2\/media\/466"}],"wp:attachment":[{"href":"https:\/\/bncuba.org\/index.php\/wp-json\/wp\/v2\/media?parent=460"}],"wp:term":[{"taxonomy":"event_listing_category","embeddable":true,"href":"https:\/\/bncuba.org\/index.php\/wp-json\/wp\/v2\/event_listing_category?post=460"},{"taxonomy":"event_listing_type","embeddable":true,"href":"https:\/\/bncuba.org\/index.php\/wp-json\/wp\/v2\/event_listing_type?post=460"}],"curies":[{"name":"wp","href":"https:\/\/api.w.org\/{rel}","templated":true}]}}

<p>Lema: ‘Llamados a Servir’</p>



<p>Precioso tiempo de intercambio y ministración entre hermanos profesionales del sector de la salud. Tiempos de exposición de la Palabra, tiempos de interesantes  talleres sobre temas polémicos de ética y cosmovisión cristiana así como específicos de materias propias de este sector.</p>



<p>Compartieron la Palabra los hermanos:</p>



<ul class="wp-block-list">
<li>Pastor Drew Macyntire</li>
</ul>



<ul class="wp-block-list">
<li>Fernando Javier Rodríguez</li>
</ul>



<ul class="wp-block-list">
<li>Pastor Fernando Rodríguez</li>
</ul>



<p>Se impartieron los talleres:</p>



<ul class="wp-block-list">
<li>Taller Eutanasia “Muerte Digna”(Dr Jorge Luis Domínguez)</li>
</ul>



<ul class="wp-block-list">
<li>“Solo Caries” ( Dra. Yudeisi Suarez Columbie)</li>
</ul>



<ul class="wp-block-list">
<li>Adicciones Modernas&amp;Aborto ( Dra Anayra Sánchez Recio)</li>
</ul>



<ul class="wp-block-list">
<li>Cuidado al Paciente Geriátrico&amp;Estadío Terminal (Dr Islay Cabrera)</li>
</ul>



<p>Un tiempo maravilloso de confraternidad entre estos «Misioneros de la Salud» quienes no solo tratan el cuerpo de sus pacientes sino que ministran a Cristo, quien es la única cura para la enfermedad del alma.</p>



<p><a href="https://www.flickr.com/photos/198657192@N02/albums/72177720312988407" target="_blank" rel="noreferrer noopener">Ver todas las fotos</a></p>



<p><a href="https://drive.google.com/drive/folders/150Rk5oPfeTAfSPV5G54k6BQNRWCukeLX?usp=sharing" target="_blank" rel="noreferrer noopener"><strong><em>Descargar Presentaciones de talleres y documentos.</em></strong></a></p>


<input type='button' value='js' class='photonic-js-load-button' data-photonic-shortcode='type=flickr&amp;style=default&amp;display=local&amp;view=photosets&amp;photoset_id=72177720312988407&amp;headers=&amp;user_id=198657192%40N02&amp;columns=auto&amp;count=12&amp;more=Ver+m%C3%A1s&amp;title_position=none&amp;layout=square&amp;load_mode=php' />



<p></p>



<p>Programa</p>



<details class="wp-block-details is-layout-flow wp-block-details-is-layout-flow"><summary><br></summary>
<p>Campamento Salvados para Servir 2023<br>Lema: ‘Llamados a Servir’<br>Viernes 24<br>3:00pm Inscripción.<br>6:00pm Cena<br>8:30pm Dirección Fernando Javier<br>Conferencia #1 Pastor Drew Macyntire<br>10:30pm Merienda<br>11:00 pm 🛌<br>Sábado 25<br>8:00am Desayuno.<br>9am Dirección (Katherine Gomez &amp;Yuderkis Perez)<br>Conferencia #2 Fernando Javier<br>10:00am Alabanza<br>Tiempo Especial por Lideres<br>12:00 pm Almuerzo<br>2:00 pm<br>Taller Eutanasia “Muerte Digna”(Dr Jorge Luis Domínguez)<br>Talleres<br>“Solo Caries” ( Dra. Yudeisi Suarez Columbie)<br>Adicciones Modernas&amp;Aborto ( Dra Anayra Sánchez Recio)<br>Cuidado al Paciente Geriátrico&amp;Estadío Terminal (Dr Islay Cabrera)<br>5:00pm Baño 🛁<br>6:00pm Cena 🥘<br>8:30pm Dirección (Islay Cabrera&amp;Glianet del Toro)<br>Conferencia #4 por Pastor Drew Macyntire.<br>10:30pm Merienda<br>11:00 pm 🛌<br>Domingo 26<br>8:00am Desayuno.<br>9 am Dirección Jorge Domínguez<br>Conferencia # 5 Pastor Drew Macyntire<br>Tiempo Especial<br>Cierre del Evento.<br>1:00 pm Almuerzo</p>
</details>



<div class="wp-block-group"><div class="wp-block-group__inner-container is-layout-constrained wp-block-group-is-layout-constrained"></div></div>
